5. What is the tens digit of s?
4
Suppose 0 = -2*r + 7*r + 5, 2*y + r = 7. What is the tens digit of 12/y - (0 - 19)?
2
What is the units digit of 2/(-7) + (-3 - 1164/(-7))?
3
Suppose 4*x = x - 9. Let c = x + 11. What is the units digit of c?
8
Let w(o) = 6*o**2 - 7*o + 19. What is the hundreds digit of w(-6)?
2
Let x = 11 + -15. Let h be (-40)/6*48/(-20). Let q = h + x. What is the tens digit of q?
1
Suppose 5*s + 4*v + 56 = 0, 2*s = 3*s - 3*v - 4. Let b = -2 - 2. Let k = b - s. What is the units digit of k?
4
Let t = 0 + 2. Let f = 0 + t. What is the units digit of f?
2
Let u be 27/(-5) - (-6)/15. Let t = u - -19. What is the tens digit of t?
1
What is the tens digit of 7/((-7)/5) - -67?
6
What is the units digit of -42*((-28)/(-3))/(-7)?
6
Suppose -4*n = -5*n + 17. Let l = n - -6. What is the units digit of l?
3
Let p = 2 + 0. Suppose -j + 1 + p = 0. Suppose -3*d = 3, 3*d + 33 = 2*f + j*f. What is the units digit of f?
6
Suppose 4*b = 5*f - 42 + 124, 2*b = -3*f - 58. What is the units digit of (-2)/12 - 183/f?
0
Suppose 1007 = 5*x - 2*a, 5*a = 2*x - 0*a - 407. What is the units digit of x?
1
Suppose j = 3 - 1. Suppose -2 - j = -2*c - 2*m, 0 = 3*m. What is the tens digit of 10*c/6*3?
1
Suppose 3*f = -f + 5*x - 10, 10 = 5*x. Suppose f = -2*p, 6*y + 36 = 3*y + 5*p. What is the units digit of (2 - 1) + y/(-2)?
7
What is the units digit of (-56)/(-10) - 9/15?
5
Let v(n) = -3*n**3 - n**2 - n - 1. Let h be v(-1). Suppose 2*q + 4*r = 14 + 2, 0 = -2*r. Suppose -h*o + 10 = -q. What is the units digit of o?
9
Let q(h) = 35*h**2 + h - 1. Let m be q(1). Suppose -5*j + 0*j = m. Let w = 10 + j. What is the units digit of w?
3
Let d(y) = -20*y - 98. What is the tens digit of d(-14)?
8
Suppose 0 = 4*f - 3*f. Let p = -20 + 28. Suppose 2*y - p + 4 = f. What is the units digit of y?
2
Let x(h) = h**3 - 4*h**2 + 2. Let a be x(5). Suppose 4*r - 13 = a. What is the tens digit of r?
1
Let m(p) = p**3 + 11*p**2 - 7*p - 23. What is the tens digit of m(-11)?
5
Let l(i) = -i**2 + 3*i + 4. Let g = -1 - -4. Let p be l(g). Suppose 4*b - p*h = 20, 3*h + 17 - 4 = b. What is the units digit of b?
1
Let t = -72 + 104. Let b be (-6)/(-27) - t/(-18). Suppose -b*r = -11 - 19. What is the tens digit of r?
1
Suppose 0 = w - 2*w - 2, 4*b + w - 738 = 0. Suppose 6*d - b = d. Let g = d - 20. What is the tens digit of g?
1
Suppose 25 = -5*r, -4*t + 101 = r - 78. What is the tens digit of t?
4
Suppose 1 - 7 = -3*f - 3*c, 2*c + 24 = 2*f. Suppose 4*m + 37 = -5*v, 0 = -v - 5*m + f*m + 1. Let z(q) = -3*q - 4. What is the tens digit of z(v)?
1
Let v = 49 + 24. What is the tens digit of v?
7
Let q(t) be the second derivative of -t**3 + 2*t**2 + 2*t. Let m be q(4). What is the units digit of m/(-6) + (-4)/(-6)?
4
What is the units digit of ((-1972)/(-51))/(4/6)?
8
Let w = -49 - -7. What is the units digit of (-4)/6*w/4?
7
Let v(j) be the second derivative of -j**3/3 + 3*j**2/2 - 4*j. Let c be (-4)/1*6/8. What is the units digit of v(c)?
9
Let m = -190 - -463. What is the tens digit of m?
7
Let n(g) = 2*g**2 + g + 2. Let t be n(-2). Suppose t*l - 3*l + 10 = 0. Let j = l + 3. What is the units digit of j?
1
Suppose 0*u = -5*c - 3*u + 1076, u - 216 = -c. What is the hundreds digit of c?
2
Let m(h) = -3*h - 5. Let n be m(-4). Let v = n + 0. What is the units digit of v?
7
Let g be (-154)/33*(1 - -2). Let j = 6 + -13. Let x = j - g. What is the units digit of x?
7
Let l = 10 + -6. Let k be ((-2)/l)/((-1)/10). Let j = 10 - k. What is the units digit of j?
5
Let v = -2 + 6. Suppose v*u = 50 + 62. What is the units digit of u?
8
What is the tens digit of 4/(-30) + (-4220)/(-150)?
2
Let t(f) = -f + 3. Let z be t(3). Suppose -28 = -3*j + 5*u, 3*j + 0*j + 5*u - 38 = z. What is the tens digit of j?
1
Let q(y) be the first derivative of -5*y**2/2 - y - 1. Let v be q(-2). Let j(g) = -g**3 + 10*g**2 - 10*g + 13. What is the units digit of j(v)?
4
Let x be (8/(-10))/(6/(-15)). Let q(j) = 2*j - 2. Let y be q(x). Suppose 0 = -l + y*u + 2*u + 10, 0 = -2*l - 4*u + 8. What is the units digit of l?
6
Let n(i) = -i**2 - 7*i - 3. Let k be n(-5). Suppose 0*p + k = p. What is the units digit of p?
7
Let w(t) = -t**2 + t - 1. Suppose 0 = -5*g + 5 + 5. Let h be w(g). What is the units digit of 3*(-1 + (-8)/h)?
5
Suppose -94*l + 93*l = -23. What is the tens digit of l?
2
Let k(v) = 2*v + 1. Let p be k(1). Let g = p - -1. Suppose -l - l + 2*d = 0, -45 = -5*l - g*d. What is the units digit of l?
5
Let t(h) = 6*h - 10. Let c be t(7). Suppose -c - 28 = -5*p. What is the units digit of p?
2
Let t be 3/(1/(3 + -2)). Let y(i) be the first derivative of i**4/4 - 2*i**3/3 - 3*i**2/2 + 2*i - 1. What is the units digit of y(t)?
2
Suppose -3*w + 30 = 2*w - 2*r, 25 = 5*r. Let b be (-18)/w - (-2)/8. Let s(i) = -2*i + 2. What is the units digit of s(b)?
6
Let l = 62 + -40. What is the units digit of l?
2
Suppose -5*q - 9 = m, -2*q + 2*m + 1 - 7 = 0. Let h = 12 + q. Suppose 0*w = 2*w - h. What is the units digit of w?
5
What is the tens digit of -4 - -7 - (-81 + 1)?
8
Let j(d) = -d**3 - 4*d**2 + 7*d + 6. What is the tens digit of j(-6)?
3
Let v = 9 + -16. What is the units digit of (-16)/v + 8/(-28)?
2
Let r be (1 - 171)/((-4)/8). What is the units digit of (-9)/(-6)*r/15?
4
Let f(i) = i**2 - 3*i - 6. Let x be f(5). Suppose 0 = 2*m - 4 - x. Suppose 3*t + o - 4 = 0, -m*t + 6 = -o + 3*o. What is the units digit of t?
1
Let x(m) be the third derivative of -3*m**4/8 + 2*m**2. Let q be x(-3). Let u = -17 + q. What is the tens digit of u?
1
Let f(g) be the first derivative of g**6/90 - g**5/120 - g**4/24 - 2*g**3/3 + 1. Let m(w) be the third derivative of f(w). What is the units digit of m(2)?
3
Suppose -3*a + 87 + 138 = 0. What is the tens digit of a?
7
What is the units digit of (-426)/(-10) + 0 - (-15)/(-25)?
2
Let c(y) = -9*y - 24. What is the hundreds digit of c(-17)?
1
Suppose w + 5*h - 412 = -3*w, 3*h - 110 = -w. What is the units digit of w?
8
What is the tens digit of ((-1)/(-1) - -18) + 0?
1
Let f be (-2)/4 - 22/(-4). Let h be ((-2)/4)/((-2)/(-20)). What is the units digit of (-2)/f - 7/h?
1
Suppose -5*a = 7 + 18. Let y = a - -6. What is the units digit of y?
1
Let m(i) = -i**3 + 4*i**2 + i - 1. What is the units digit of m(4)?
3
Suppose 8 = -0*i - 2*i. Let l = i - -9. What is the tens digit of 7/35 + 59/l?
1
Suppose x = 4 - 0. Let v(l) = l**2 - 4*l - 4. Let h be v(x). Let f = 10 + h. What is the units digit of f?
6
Let t(q) = q**2 - 5*q + 3. What is the units digit of t(6)?
9
What is the units digit of (5 - -1)/(249/60 - 4)?
0
Suppose 4*s - 5*f - 42 = 0, -2*s + 5*f + 50 = 3*s. What is the units digit of s?
8
What is the tens digit of ((-20)/(-3))/((-20)/(-30))?
1
Let y(b) = -3*b**3 - b**2 - 8*b - 5. What is the units digit of y(-3)?
1
Suppose 6*h = h + 20. Suppose 3*v - h*v = -24. What is the units digit of v?
4
What is the units digit of (-296)/(-40) - (-6)/10?
8
Let n = 266 - 118. Suppose 5*o = -3*q + n, q = -o + 2*q + 28. What is the units digit of o?
9
Let a(x) = -6*x + 124. What is the hundreds digit of a(-21)?
2
Let u = -66 + 130. What is the units digit of u?
4
Let i = -34 + 54. What is the tens digit of i?
2
Let z(n) = 12*n**3 - 3*n**2 + 4. What is the units digit of z(2)?
8
Suppose -8*p + 7*p = -122. Let a = p - 71. What is the units digit of a?
1
Suppose -8*v + 80 = -4*v. What is the tens digit of v?
2
Suppose 3*c - 4*c = -2. Suppose -g + 3*g = c. What is the units digit of g?
1
Suppose -5*n = -0*n + 4*l - 1287, 0 = -n + 4*l + 243. What is the tens digit of n?
5
Let s be ((-8)/(-12))/(2/12). Let i = 4 - s. Suppose i = -0*d + d - 6. What is the units digit of d?
6
Suppose -x + 5*h = -1, -h = -0*x + 4*x + 38. Let b(p) = p + 4. Let u be b(x). Let v(o) = o**2 + 4*o. What is the units digit of v(u)?
5
Let q = -5 + 7. Suppose -15 = -q*t - 3*t. What is the units digit of -9*t/(-2 - 1)?
9
Suppose u - 5*n = 12, 4*n + 1 = -7. Suppose 5*h + 2*c - 107 = -u*c, h = -2*c + 25. What is the units digit of h?
9
What is the units digit of 0*(-3)/9 + 109?
9
Let m = -76 - -117. Let f = m - 28. What is the tens digit of f?
1
Let s = -11 - -12. Let f = -4 + 6. Suppose -f = -w + s. What is the units digit of w?
3
Suppose 2*u - y = 111, -2*u + 4*y + 169 = u. Suppose 7*b - 18 = 4*b. Suppose -u = -b*d + d. What is the units digit of d?
1
Suppo